**2 - 11*h + 9. What is x(i)?
9
Let p(j) = 33*j**2 - 25*j**2 - 31*j**2 + 6*j**3 - 7 - j - 7*j**3. What is p(-23)?
16
Let q be 6/(-2) + 7 + -2. Let a(d) = 4*d - d**3 + 90 - 15 - 28 - 26 - 2*d**2 - 24. What is a(q)?
-11
Let x be (5/80)/(15/240). Let m(d) = -12*d**3 - d**2 + 4*d - 2. Determine m(x).
-11
Let d(s) = 3*s**3 - s**2 + 11*s + 2. Let p be d(0). Let x(c) be the second derivative of -1/12*c**4 + 2*c**2 - 2*c + 1/3*c**3 - p. Give x(4).
-4
Let f(u) = -u**3 - 2*u**2 + 2*u - 1. Suppose -r + 5*n + 788 = -5*r, 3*n - 948 = 5*r. Let l = -192 - r. Calculate f(l).
-1
Let w(a) = a - 6. Let y(h) = h**3 - 24*h**2 - 22*h - 168. Let r be y(25). Let g = -104 - r. What is w(g)?
-17
Let h(w) = 3*w**2 + 9*w - 9. Suppose 14 + 103 = -13*n. Let z(y) = -7*y**2 - 19*y + 19. Let c(r) = n*h(r) - 4*z(r). Give c(5).
5
Let r(q) = q**2 + 9*q + 2. Let b be (-148)/38 + (-68)/646. Let p be b + (-5 - -4) - 3. Give r(p).
-6
Let j(l) be the first derivative of -l**3/3 + 5*l**2/2 - 3*l - 4939. Calculate j(1).
1
Suppose 0 = -164*c - 4 + 5 - 1. Let u(z) = z**3 - 3*z**2 + 4*z + 6. What is u(c)?
6
Let v(c) = -c**3 - 5*c**2 + 83*c - 15. Let f = 19353 + -19365. Give v(f).
-3
Let k(c) = -c**3 - 3*c**2 - 3. Let q = -52 - -60. Suppose q = 6*f + 32. Determine k(f).
13
Suppose -r = -0*r - 4. Suppose -3*u = 12, -3*u - 1 = -r*o + 11. Suppose o = -h + 3 - 10. Let n(d) = -2*d - 10. Determine n(h).
4
Let x be -1 + -3 + 1 + 5. Let f(d) = 2 - 4 - 3*d**2 + 2*d**x + d - 3*d. Let v = -25 - -22. Calculate f(v).
-5
Let y(c) = -c**2 - 280*c - 105. Let v(w) = -w**2 - 323*w - 105. Let b(g) = -6*v(g) + 7*y(g). What is b(-15)?
0
Let b(o) = 5*o - 28. Suppose -4*f - 4*j + 12 = 0, -2*j + 0*j - 4 = 0. Calculate b(f).
-3
Let m be 10 + -8*16/(-128). Let z(n) = -n**3 + 10*n**2 + 9*n + 9. What is z(m)?
-13
Suppose 41 = 28*x - 43. Suppose x*q + 48*q = 561. Let k(r) = 2*r - 26. Calculate k(q).
-4
Let k(y) = -5*y + 1. Suppose -76 = -7*o + 4*o - 4*r, 4*r + 52 = o. Let f = -36 - o. Let g = 67 + f. What is k(g)?
6
Let q = -640 + 645. Suppose 0 = -7*l + 6*l + 5. Let w(y) = 2*y**2 + 3 - q + 4 + l*y**2 - y**3. Give w(7).
2
Let u(r) = -r**3 + 11*r**2 + 7*r + 23. Let p be 9/(1197/38)*42. Calculate u(p).
-37
Let q(l) = 5*l + 23. Let c be ((2 - -6) + -1)*(1 - -5 - 7). Calculate q(c).
-12
Let q(h) = 3*h - 15. Let y(c) = 4*c - 17. Let p(l) = -3*q(l) + 2*y(l). What is p(20)?
-9
Let n(x) = 6*x + 29*x + 123 - 2015*x**2 - x**3 - 2025*x**2 + 6057*x**2 - 2028*x**2. Calculate n(-13).
6
Let l(u) = -9*u + 64. Let m(a) = -13*a + 107. Let i(k) = -8*l(k) + 5*m(k). What is i(-5)?
-12
Let u(t) be the second derivative of -13*t**3/6 - 3*t**2/2 + 883*t. Determine u(-9).
114
Let b(q) = -q**2 + 7*q + 35. Let s be ((-60)/25)/(57/(-190)). What is b(s)?
27
Let g(v) be the second derivative of v**2 + 0 + 1/12*v**4 + 8/3*v**3 + 77*v. Determine g(-16).
2
Let s(v) = 7656 - 3866 - v - 3825. Determine s(-8).
-27
Suppose -2*i + 2*j = -58, 11*i + 3*j - 152 - 69 = 0. Let q(u) = u**2 - 12*u - 226. What is q(i)?
-6
Let x(v) = -13*v**2 - 2*v - 1. Suppose -3*k = 4*s - 55, 4*k + 4*s - 3*s - 69 = 0. Suppose -k*u = -4*u - 234. Suppose -u = 6*m - 12. Determine x(m).
-12
Let m(k) = -630*k**2 - 4 + 629*k**2 + 0. Let q = -15 - -25. Suppose q*n = 5*n. Determine m(n).
-4
Let g(d) = -d**3 + 3*d**2 + 2*d. Let k(t) = -t**3. Let s(o) = -g(o) + 2*k(o). Let c = 23 + 52. Let l = -78 + c. Calculate s(l).
6
Let d(a) = -a**2 - 31*a + 218. Let b(w) = -2*w**2 - 46*w - 146. Let s be b(-19). Give d(s).
-4
Let f be 5 + 0 + (0/1)/(59 - 60). Let c(o) = 14*o - 69. Determine c(f).
1
Let z(p) = -p**2 + 12*p + 33. Let a(u) = -u**2 + 15*u + 33. Let y(x) = -5*a(x) + 6*z(x). What is y(-7)?
5
Let b(r) be the third derivative of -r**4/24 - r**3/3 - 5580*r**2 + 2*r - 2. Let v be (-11*1 - 1)*-1. Suppose a = n - v + 3, 20 = -5*a. Calculate b(n).
-7
Let a(o) = 2*o**2 - o + 17. Let d(f) = f**2 - 20*f + 19. Let g(v) = -2*a(v) + d(v). Give g(-7).
-36
Let f = -3332 - -3336. Let b(a) = -a**2 - a + 4. Give b(f).
-16
Let q(i) = -4 + 11 + 20*i + 13 - i**3 - 9*i**2 - 18*i + 7*i**2. Determine q(0).
20
Let h(x) = x**2 + 5*x + 1. Let i(m) = m + 8. Let s be i(-6). Let c(k) = -2*k**s + 0*k - 3*k - 3*k - 5. Let l be c(-3). What is h(l)?
1
Let t(v) = -v**3 + 4*v**2 - 2*v - 4. Let s(z) = 9*z**3 - z**2 - 3*z - 4. Let a be s(3). Let q = -217 + a. Give t(q).
-12
Suppose -i + x - 1 + 9 = 0, i - 11 = -2*x. Let u(b) = 1 + 4 - i - 2 - 5*b**2 - 6*b. Determine u(-2).
-14
Let j(x) be the first derivative of -x**2 + x - 629. Suppose 0 = -3*o - 2*y + 5*y - 3, 4*o + 3*y = 17. Give j(o).
-3
Let t(i) = 4 + 18 - 9 - i**2 - 15*i - 6. Calculate t(-16).
-9
Suppose -4*y = t + t - 6, 3*y - 2*t = -6. Let v(u) = -2*u - 6*u + 8 + 9*u + y*u. Let f(z) = 2*z**3 - 24*z**2 + z - 12. Let k be f(12). Give v(k).
8
Let c(x) = -669*x**3 + 313*x**3 + 358*x**3 + 5*x**2 - 1 + 4*x. Let b be 8/(-6)*6/4. Calculate c(b).
-5
Let r(h) = -h**2 + 4*h + 10. Let n be r(7). Let k(f) = 11*f + 118. Let j be k(n). Let z(s) be the first derivative of s**3/3 + s**2 + 2*s - 2. Calculate z(j).
5
Let r(g) = g**3 - 680 - 3*g - g**2 + 1349 - 680. Give r(0).
-11
Let p be -3 + (4 + -13)/(6/4). Let b(n) = -2*n - 463 + n + 455. Give b(p).
1
Suppose 3*x - i - 99 = 0, -79 = -2*x + i + 4*i. Let g = -34 + 60. Let j = x - g. Let a(k) = -2*k**2 + 9*k. Calculate a(j).
-18
Suppose 0 = -3*o + 8*o + 30. Let r be 3*o*(-19)/38. Suppose 0*s - r*s = -54. Let t(n) = -n**2 + 7*n + 8. Determine t(s).
14
Let i(p) = 11*p + 29. Let n be i(-3). Let t(g) = -4*g - 7. Let d(h) = -h + 1. Let a(c) = d(c) + t(c). Calculate a(n).
14
Let d be -1*(-7)/35*-10 - -4. Let s(l) = l**3 - 4*l**2 + 4*l. Give s(d).
0
Suppose -88*g - 40 = -96*g. Let o(j) = j - 4. Let p be o(11). Let x(c) = 2*c**2 + p - 1 + 4*c - 2*c**2 - c**2. Determine x(g).
1
Let x(b) be the second derivative of -11*b**3/6 - 3*b**2 + 9*b. Let c be x(-4). Suppose -3*m - 38 = -c. Let k(i) = i**3 + i**2 - 3. Calculate k(m).
-3
Let s = 7 + -23. Let j = s - -15. Let t(m) be the third derivative of m**6/20 + m**5/60 + m**4/24 + m**3/6 + 15*m**2. What is t(j)?
-5
Let v(h) = -h**3 + 8*h**2 + h - 6. Let p = 75 - 30. Suppose 138 = 5*n - 47. Let w = p - n. Give v(w).
2
Let x(l) be the first derivative of l**6/360 - 2*l**5/15 - 19*l**4/12 - 26*l**3/3 + 165. Let f(j) be the third derivative of x(j). What is f(18)?
-2
Let c(k) = 2*k**2 + 7*k + 10. Let h(i) = -i**2 - 4*i - 6. Let l(g) = 4*c(g) + 9*h(g). Give l(-6).
-2
Let v be (-9 - -5 - -5)*1. Let y(x) = -5*x**2 + 3*x - 2. Let i be y(v). Let w(r) be the second derivative of -r**3/6 + r**2 + 3*r. Give w(i).
6
Let q be 9/(-2) - 6/12 - -3. Let n be -5 - (5 + -5) - q. Let z(c) be the first derivative of -2*c**3/3 - 3*c**2/2 + 2*c - 3. What is z(n)?
-7
Suppose 20 = 4*o + 100. Let i = o - -26. Suppose i*q - 2 = -2. Let v(j) = -j + 2. Determine v(q).
2
Suppose 26*w = 30*w - 72. Suppose 0 = 4*d - d - w. Let x(m) = -2*m**2 + m**2 - d*m + 183 - 186. What is x(-6)?
-3
Let u(m) = -m**2 + 6*m - 10. Let h be (19 + -27)/(-4*5/20). Give u(h).
-26
Suppose z - 5*p = 8, 4*p = 5*z - 0*p + 2. Let d(n) = 4*n + n**2 - 2 - 2*n**2 - 1. Let w(b) = -b**2 + 4*b - 4. Let u(m) = z*d(m) + 3*w(m). Calculate u(5).
-11
Let n(l) be the third derivative of -l**7/840 - l**6/120 + 7*l**5/120 - l**4/24 + 19*l**3 - 75*l**2. Let t(q) be the first derivative of n(q). Calculate t(-5).
14
Let o(a) = 2*a**2 - 2*a + 3. Let k(s) = s**3 + 4*s**2 + 3*s + 1. Let f = 120 - 124. Let m be k(f). Let r = 13 + m. Give o(r).
7
Let m(i) = -2*i**3 - 56*i**2 - 54*i + 2. Let q be m(-27). Let h(g) = -39*g - 2. Determine h(q).
-80
Let m be (35/7 - 93/15)*5. Let o(n) = -n**2 + 4 - n**3 - 5*n - 7*n**2 - 7*n. Let c be o(m). Let h(a) = -a**3 + 3*a**2 + 3*a + 3. What is h(c)?
-1
Suppose 4*z - 13*d + 9*d = 264, z - 2*d = 71. Suppose -z*m = -51*m + 80. Let w(p) = -p**2 - 6*p + 18. Calculate w(m).
2
Let r(k) = k**3 - 4*k**2 + 4*k - 4. Let n be (-345)/(-92) + 4/16. Determine r(n).
12
Let r(z) = 15*z**2 + 38*z - 18. Let p(j) = 8*j**2 + 21*j - 9. Let d(g) = 9*p(g) - 5*r(g). What is d(-3)?
-15
Suppose 3*i = -5*z + 10, i + i + z - 2 = 0. Suppose i = -3*f + 5 + 1. Let l be (-14)/(-35)*10/f. Let a(x) = x**3 - 2*x. What is a(l)?
4
Let c be (-6)/(-4)*32/6. Let f = c + -4. Let x(g) = -808 - 110*g + 108*g + 807 + g**2. What is x(f)?
7
Suppose 1669 - 415 = 38*q. Let x(g) = g + 32*g**3